of g and 429?
33
Let k be (17 - 2937/6)*(-1 + 31/(-5)). What is the greatest common factor of k and 324?
162
Let u(t) = t**2 + t - 19. Let r be u(-6). Suppose -20 = -r*a + 46. What is the greatest common divisor of a and 78?
6
Suppose 40 + 5 = o. Let y(a) = 7*a**2 + 111*a + 122. Let i be y(-19). Calculate the highest common divisor of i and o.
45
Suppose -11*t + 432 = -646. Calculate the greatest common divisor of t and 1911.
49
Suppose -2*u - 28 = -i - 130, 44 = u - 4*i. Let g = -3049 + 3179. Calculate the highest common divisor of g and u.
26
Suppose -427*r = -422*r - 3735. Let a be (-6 - -9)/((-34)/6 - -6). What is the highest common divisor of a and r?
9
Suppose 0 = 20*v - 38639 + 7859. Calculate the highest common factor of 114 and v.
57
Suppose 2*h = 4 + 6. Suppose 4*f - 15 = -b, -5*b = 3*f + 141 - 165. Let n be 23 + f/1 - (h + -3). Calculate the highest common factor of 6 and n.
6
Suppose -4*y = 5*w - 37, 3*y - 14 = 9*w - 10*w. Suppose -w*d + 970 = 2*q, -2*q + 168 = d - 34. What is the highest common divisor of 256 and d?
64
Suppose 1046 = 71*d - 428 + 338. Calculate the highest common divisor of 6128 and d.
16
Suppose -2*i = -0 - 16. Let n be (-17)/(34/(-480))*4/10. Suppose 10*y + n = 16*y. What is the greatest common factor of i and y?
8
Let s = 16673 - 16669. What is the highest common factor of s and 62?
2
Let z be (504/(-28))/((-4)/(4544/12)). Calculate the greatest common divisor of z and 1917.
213
Let v = 177586 - 106374. Calculate the highest common factor of 19 and v.
19
Let n be 4*(-7)/28 + -237. Let i = n - -280. What is the greatest common factor of 84 and i?
42
Suppose d + 792 = -4*q - d, 2*q - 5*d = -384. Let m = 511 - q. Calculate the highest common factor of 12 and m.
12
Suppose 552*d - 537*d = 29565. Calculate the highest common divisor of 135 and d.
27
Suppose -2*f - 478 = 4*a, 2*a + 252 = 3*f + 25. Let s = 133 + a. Calculate the highest common factor of s and 45.
15
Suppose 99*k - 2135 = 94*k. What is the greatest common divisor of 35 and k?
7
Let h be 5*8993*93/465. What is the greatest common divisor of 17 and h?
17
Suppose -2*m + 6 = -2. Suppose 0*z - 5*z - 15 = -l, -m*l + 175 = 3*z. Let s = 49 - l. What is the highest common factor of 99 and s?
9
Let g = -458 + 686. Let c = g - 196. Suppose 16 = h + h - 2*f, -3*h + 4*f + 24 = 0. Calculate the highest common factor of c and h.
8
Let n = 147 + -119. Suppose -5*j + 7 = 5*u - n, -3*j = 5*u - 15. Suppose -199 = -j*a + 11. Calculate the highest common divisor of 14 and a.
7
Let v be 3717/105 + (-4)/10. Let g be (2 - -1)*(111 - 6). Calculate the greatest common divisor of v and g.
35
Let v(s) = 10*s + 102. Let n be v(-9). Let y = -204 + 696. What is the highest common factor of y and n?
12
Let j = -6 - -11. Let x = 412 - 391. Let g be 2/x - -26*32/84. What is the highest common factor of g and j?
5
Suppose -q - 3*d + 6*d = -19134, -5*q + 2*d = -95631. Calculate the highest common factor of q and 225.
225
Let g(u) = 2*u**2 - u - 3. Let b be g(-2). Let h be ((-13)/5 + b + -8)*-40. Calculate the highest common factor of h and 24.
24
Suppose -195 = 5*w - 5*r, -3*r - 112 = 3*w - r. Let q = 54 - w. Calculate the highest common divisor of 4 and q.
4
Let c(n) = n**3 + 27*n**2 - 77*n + 678. Let i be c(-30). Calculate the greatest common factor of 61632 and i.
288
Suppose -80 = -2*n - 2*n. Suppose -53*t = -32730 + 3580. What is the greatest common divisor of t and n?
10
Suppose -3*u + 532 = -4*a, -2*u + 2*a + 263 = -93. Let m = -2772 + 2880. Calculate the highest common factor of m and u.
36
Let o be ((-112)/6)/((-1460)/18615). What is the greatest common divisor of o and 1190?
238
Let k = 1929 - 1391. Calculate the greatest common divisor of k and 30397.
269
Suppose -11805 + 218347 = 47*z - 584186. What is the greatest common factor of 24 and z?
24
Suppose -11*i = -2*i - 423. Let u = 40 - i. Let x = u - -13. What is the highest common factor of x and 6?
6
Let f(a) = 3*a**2 + 3. Suppose 8*l - 11*l = 3. Let k = 4 + l. Let j be f(k). Calculate the greatest common divisor of 12 and j.
6
Suppose 88970 = -195*c + 277*c. What is the greatest common factor of c and 1395?
155
Suppose 4*q - 251 = -5*r, 2*q = -0*r + 5*r + 103. Suppose 60 = -x + q. Let b be (x + -6)*(1 - 4). Calculate the highest common factor of b and 105.
21
Let j = -87 - -125. Let x = 41 - j. Suppose 589 = 5*b - x*q, -2*b + 3*q + 179 = -53. What is the highest common factor of b and 17?
17
Let z(r) = -4*r - 147 - 5*r - 2*r + 15*r + 527. Let u be z(44). What is the highest common divisor of 4 and u?
4
Let r be (-3*(-16)/5)/(29/435). Calculate the highest common divisor of 1248 and r.
48
Let w be 6/(-21) + (-1235)/175*-5. Suppose -8 - 48 = -2*t - 3*j, 2*j - 28 = -t. What is the highest common factor of t and w?
7
Let h = 97 - 102. Let w(x) = -2*x**3 - 7*x**2 - 10*x + 10. Let c be w(h). Calculate the highest common factor of c and 15.
15
Suppose 36*c + 4695 - 63663 = 0. Calculate the highest common divisor of c and 637.
91
Suppose -f + 9*f = 4*f. Suppose a + 4*a - 5 = -3*w, f = -5*a - 4*w + 10. Let q be a*((-5)/(-2) + -5). Calculate the greatest common factor of 2 and q.
1
Let p = 51 - 49. Let f be (8 + 2 + -2)*p/4. What is the highest common divisor of f and 92?
4
Suppose 3*m = -z + 8*m + 41, m - 107 = -3*z. Suppose 4*x - z = -14*x. Suppose f + 7 - 25 = 0. Calculate the highest common divisor of x and f.
2
Suppose -182*r = 31*r - 6536 - 5179. What is the highest common divisor of 815 and r?
5
Suppose -5*s - 2*y + 0*y + 741 = 0, -s - 5*y = -162. Let v = s - 57. Calculate the greatest common divisor of v and 30.
30
Let v be (2/(-38) + 4052278/(-437))/((-6)/20). What is the highest common factor of 110 and v?
110
Let f(r) = r**3 - 36*r + 4. Let v be f(9). Let d = v + -175. What is the greatest common divisor of d and 26?
26
Suppose 5*c - 4*d - 33 = 0, 2*c = -d + 15 + 6. Let k = 287 + -285. Calculate the highest common factor of k and c.
1
Let u be (-10)/(-3)*(52 + (-7 - -3)). Let d be 15/3 - (1 - u). Calculate the greatest common divisor of 41 and d.
41
Suppose 0 = -2*h + h + 10. Let s be (-1)/(2/14) - (14 - 51). What is the greatest common divisor of h and s?
10
Let m(o) = -8*o. Let q be m(-3). Suppose 2*u + 0 = q. Suppose 0 = 4*d + d + l - 84, -d + l = -u. Calculate the highest common factor of 64 and d.
16
Let f be 2/8 - 39/(-4). Let y = f + -10. Suppose 6*o - 3*o - 216 = y. What is the greatest common factor of 9 and o?
9
Let v(s) = 2*s**2 - 4*s + 108. Let f be v(-10). What is the highest common divisor of 84 and f?
12
Suppose -4*c = -8, -3*c - 9 = 11*a - 14*a. Suppose 48 = w - 4*n + 16, a*w = -3*n + 45. Calculate the greatest common factor of w and 4.
4
Let s be (828/(-5))/(564/(-240) + 9/4). Calculate the highest common factor of s and 126.
18
Let x(a) = -4*a + 18. Let j(m) = 5*m - 17. Let i(t) = -2*j(t) - 3*x(t). Let p be i(14). Calculate the highest common divisor of 64 and p.
8
Let j = 20 - 115. Let b = 96 + j. What is the greatest common divisor of b and 10?
1
Let y = -249 + -52. Let h = y + 476. What is the highest common factor of h and 25?
25
Let t(h) = -h**3 + 2*h**2 + 3*h - 4. Let g be t(2). Suppose -38 = -g*m + 44. What is the highest common factor of 246 and m?
41
Let x(v) = v**3 - 11*v**2 - 82*v + 32. Let w be x(17). Calculate the greatest common divisor of w and 15.
3
Let m = 1 - -8. Let a(d) be the third derivative of d**4/24 - d**3/6 - 5*d**2. Let i be a(m). What is the highest common divisor of 72 and i?
8
Suppose -7*v = d - 3*v - 16, -4*v = -d + 16. Suppose 2*s - 3*g = 167, -3*s - 5*g + 3*g + 270 = 0. Calculate the greatest common factor of s and d.
8
Suppose 107*x = 53*x + 44 + 874. Suppose 8*f - 4590 - 5066 = 0. What is the highest common factor of x and f?
17
Let i = -173 - -162. Let g be 370/8 - i/(-44). Calculate the highest common factor of g and 69.
23
Suppose 3*v + n = -2*v + 167, -2*n - 142 = -4*v. Suppose 5*y - 516 = v. Calculate the highest common divisor of 22 and y.
22
Let j = 157 - 70. Let o = 21 + -19. Let u(l) = 30*l - 2. Let t be u(o). What is the highest common divisor of j and t?
29
Let x(o) = -o**3 + 8*o**2 + 9*o - 3. Let r be x(9). Let c(p) = 0*p**2 - 5*p + 8*p + 7 + p**2. Let j be c(r). What is the highest common factor of 63 and j?
7
Let g = -22 + -82. Suppose -y - 3*c + 2*c =